on factor of 13 and b?
13
Let h(o) = -o**3 - 2*o**2. Let m(x) = x - 1. Let t(l) = -h(l) - 4*m(l). Let c be t(-3). What is the highest common factor of c and 35?
7
Suppose 22*z = z + 865 + 647. Calculate the greatest common divisor of z and 1854.
18
Suppose 5*b - 166 = 3*k, 4*b - k - 34 = 96. Let g be b/(-24)*(-6)/4. Suppose 2 = 2*f + m, -g*m = -5*m - 12. What is the greatest common factor of f and 12?
3
Suppose 0 = -2*z + 2*t + 1858, -2*t = 2*z - 390 - 1460. Calculate the greatest common factor of 515 and z.
103
Suppose -2*k - 3*m + 2*m = 11, k + 2*m + 13 = 0. Suppose 2*t = -2*t + 2*x, -2*t = x. Let a be t - -2 - k - 1. What is the highest common factor of a and 28?
4
Let c(o) = -4 + 25*o**2 - 8*o + 3 - 20*o**3 + 0 - 13*o**2 - 13*o**2. Let h be c(-2). Calculate the highest common divisor of 19 and h.
19
Suppose 24892 = -35*a + 38017. What is the greatest common divisor of a and 5550?
75
Suppose -6*a + 14 = -10. Suppose -2*o + a*o - 140 = 0. Suppose -5*v + 52 = -4*t + 5*t, -5*v + 5*t = -o. What is the greatest common factor of 1 and v?
1
Suppose -4*m - 10 = 26. Let n = 27 - m. Suppose 293*w = 855*w - 2942 - 3802. Calculate the greatest common factor of w and n.
12
Suppose -96*w = -131*w + 70. Calculate the highest common divisor of 478 and w.
2
Let r = 12714 + -11742. Calculate the highest common divisor of 15 and r.
3
Let u be (-5)/((-15)/18) + -12 - 664. Let b = -142 + -294. Let i = b - u. What is the highest common factor of 26 and i?
26
Suppose 0 = 2465*n - 2478*n + 418574. Calculate the greatest common factor of 68 and n.
34
Let i be 12/(-102) - (-310)/34. Suppose -94 = -3*x - 5*c + 80, -2*x + 141 = -5*c. What is the highest common divisor of i and x?
9
Let m = -2086 - -2152. What is the highest common divisor of 352 and m?
22
Let t(a) = -5*a**2 - 23*a - 15. Let g be t(-5). Let z be (70/g)/(20/(-1450)). What is the greatest common divisor of 7 and z?
7
Let q(p) = 15*p + 74. Let g be 10/80 + (-47)/(-8). Let s be q(g). What is the greatest common factor of s and 8?
4
Suppose 187*i - 264 = 168*i + 78. What is the greatest common factor of 7389 and i?
9
Suppose 2*l + 4*j = -0*j - 4, 2*l - 2*j = -10. Let m be 2970/243 - (l/18)/(-1). Calculate the greatest common factor of 42 and m.
6
Let z = 2174 + -2074. Calculate the highest common factor of 525 and z.
25
Let u be 15/10*(75/9 + -3). Let d(l) = -8*l**2 - l + 2. Let r be d(-2). Let y = r - -40. Calculate the highest common factor of u and y.
4
Let n(m) = 6*m**3 - 6*m**2 + 3*m + 15. Let s be n(5). Let a = s + -315. Let r be (a/(-12))/(-1) + 9/12. Calculate the greatest common divisor of 3 and r.
3
Let x be -1 - -5 - (-3 + 0). Let a be -8 + x/((-42)/(-360)). What is the highest common divisor of a and 143?
13
Let d = -2 - 7. Let h(b) = -2*b + 0*b - 28 + 41. Let s be h(d). Calculate the highest common factor of s and 155.
31
Suppose 5*a - 2*a = 93. Let o = 25 - 50. Let d = o + a. Calculate the highest common factor of 66 and d.
6
Suppose 5*u + 10 = 5*a + 975, -4*a = 4*u - 828. What is the highest common divisor of 100 and u?
100
Suppose m = -2*g + 6333, -8126 = -m - 3*g - 1790. Calculate the highest common divisor of 19 and m.
19
Let w(a) = a**3 - a**2 - 17*a - 17. Let t be w(6). Suppose -36*k + 6894 + 12870 = 0. What is the highest common divisor of k and t?
61
Suppose -v = -81 - 29. Suppose -364 - 572 = -6*u. Let w = 166 - u. Calculate the greatest common divisor of v and w.
10
Suppose 54*o - 594 = 21*o. Calculate the greatest common factor of o and 2250.
18
Let i be 18/(-3) - (-533 - 56). What is the highest common divisor of 33 and i?
11
Let l = -33315 + 33412. Calculate the highest common factor of l and 26093.
97
Let v(i) = 3 + 4*i**2 + i**2 - 12*i - i**2. Let a be v(5). What is the highest common divisor of a and 301?
43
Let g be (4 + 2)/(14/(-488)*42/(-98)). What is the highest common divisor of g and 4636?
244
Let g = 329 - 329. Let x(o) = o**3 + o**2 - 3*o + 7. Let r be x(g). What is the greatest common factor of r and 5?
1
Let r = -53 - -50. Let w be (20/(-15))/(r/360). Suppose -7*a + 2*a = -w. What is the highest common divisor of a and 8?
8
Suppose -5*v - 145 = -5*k, -5*k + 4*v + 169 = 5*v. Suppose 0 = -13*p + 293 - k. What is the highest common divisor of p and 290?
10
Let p(f) = -4*f + 2*f - 732 + 767. Let t(q) = q**3 + 17*q**2 + 16*q + 13. Let w be t(-16). Let g be p(w). What is the highest common factor of 72 and g?
9
Let c(i) = -8*i**2 - 120*i - 52. Let x be c(-11). What is the greatest common divisor of 40 and x?
20
Let m = -212 + 205. Let f be m - 1220*3/(-6). Calculate the greatest common factor of 9 and f.
9
Let i be (19/(-2) - 3)*2*-3. Suppose 7*b + 177 - 653 = 0. Suppose 7*p - 37 - b = 0. What is the highest common factor of p and i?
15
Suppose -14846 = 4*a - 17*a. Suppose j + 2*v - 204 = 88, 4*j - 5*v - a = 0. Calculate the greatest common divisor of j and 9.
9
Let k = 96 + -67. Suppose 0 = 4*p + p + 25, 3*c = p + 1658. What is the highest common factor of c and k?
29
Let u(a) = -13*a - 11. Let v be 84/49*14/4. Suppose 1 = v*s + 61. Let d be u(s). What is the greatest common factor of d and 17?
17
Let y(o) = -54*o + 3632. Let j be y(67). What is the highest common factor of j and 3143?
7
Let j(m) = -15*m + 2. Let l be j(-1). Let c be l + -7*(-12)/42. Calculate the greatest common divisor of c and 133.
19
Let w(s) be the first derivative of s**2 + 51*s - 27. Let h be w(-15). Let c be h*2 - -1*12/4. What is the highest common divisor of 18 and c?
9
Let g(x) = x**3 + 54*x**2 + 41*x - 352. Let a be g(-51). Calculate the greatest common divisor of a and 32.
16
Suppose 21*y + 44*y = 4*y + 270657. What is the highest common divisor of 232 and y?
29
Let d(s) = s**3 + 12*s**2 + 24*s - 6. Let h be d(-9). Let z = h + -6. What is the greatest common factor of z and 45?
15
Let t be 5111*((-5 - -12) + 2 + -8). Calculate the greatest common divisor of 3497 and t.
269
Suppose 5*x = -2*k + 633, 12*k - 7*k = 4*x + 1632. Calculate the highest common divisor of k and 189.
27
Let c = 1030 + -517. Let l = 653 - c. Calculate the highest common factor of l and 70.
70
Let u = 5 - 5. Suppose 4*c = -5*g + 6*c + 47, -5*g + c + 46 = u. Let j = -11360 + 11369. What is the highest common factor of j and g?
9
Suppose -5*z = -2*z - 96. Suppose -j - 4*x + 68 = 0, j + 3*x - 95 + 27 = 0. Suppose -3*k - 14*k = -j. Calculate the greatest common divisor of k and z.
4
Let b be 2/(-4) - (-138204)/72. What is the greatest common divisor of b and 19?
19
Suppose 4*m + 772 = 2*i + 3826, 3068 = 4*m - 4*i. Let b = 66 + -26. What is the highest common divisor of b and m?
40
Let i = 13822 - 9493. Calculate the highest common factor of i and 65.
13
Suppose -3*g = 4*s + 120, 4*g = -5*s - 78 - 82. Let l be (32 + g)/(-1*1). What is the greatest common divisor of 6 and l?
2
Let l = -477 - -484. Suppose -l + 6 = -m, 0 = -2*x + 5*m + 135. What is the highest common divisor of x and 1120?
70
Let i = -5 - -27. Suppose 17*y - i*y = -15. Suppose y*g - 8 - 10 = 0. What is the greatest common divisor of 66 and g?
6
Let y(b) = -15*b + 32. Let o be y(2). Let t(q) = 54*q**3 - 5*q**2 + 3*q + 2. Let m be t(o). What is the greatest common factor of m and 30?
30
Suppose 3*d - 201 = -2*i, -4*d + 5*d - 203 = -2*i. Let r = i - 57. Calculate the highest common factor of r and 10.
5
Suppose 0 = 17*m + 36*m - 9390 - 10485. Calculate the greatest common divisor of 5 and m.
5
Suppose s - 8 = -s. Suppose -9*o + 52 = -5*o. Suppose o*i - 12*i - 44 = 0. Calculate the greatest common divisor of s and i.
4
Suppose -r = -14 - 79. Let h = -72 + r. Let q = h - 20. Calculate the greatest common factor of q and 5.
1
Let s(f) = -f**3 - 71*f**2 - 1053*f + 54. Let c be s(-50). What is the greatest common divisor of 192 and c?
12
Let c(n) = 16*n**2 + n - 3. Let i be c(2). Let k be (-3)/(-2)*84/i. Let t = -5 - -13. What is the greatest common divisor of t and k?
2
Let x = 242 + 182. Suppose -28 = -4*j, 1232*j - 1227*j = o + 27. Calculate the highest common divisor of o and x.
8
Let w(v) = 184*v**2 - v - 2. Let f be w(-1). Let p be 6*(-7)/2*55/(-385). What is the highest common divisor of f and p?
3
Suppose 4*l + 2*p - 53 = -3*p, -5*l = 4*p - 55. Let s(d) = 3*d**2 + 3*d - 49. Let x be s(l). What is the greatest common divisor of 7 and x?
7
Let p = -802 + 1831.